rue
Is 192 a factor of 977856?
True
Is 6661314 a multiple of 1266?
False
Is 8778899 a multiple of 25?
False
Is 21600 a multiple of 40?
True
Is 14 a factor of 83188?
True
Is 517498 a multiple of 353?
True
Does 408 divide 208186?
False
Is 102595 a multiple of 289?
True
Does 147 divide 2106216?
True
Is 54 a factor of 23814?
True
Does 381 divide 6377178?
True
Is 21 a factor of 199779?
False
Does 10 divide 13475?
False
Is 8236 a multiple of 69?
False
Is 2395055 a multiple of 52?
False
Is 6315256 a multiple of 11?
False
Does 11 divide 18584167?
False
Is 27680 a multiple of 4?
True
Does 641 divide 696906?
False
Does 10 divide 195169?
False
Is 12439 a multiple of 9?
False
Does 5 divide 12660?
True
Is 1868 a factor of 16454735?
False
Does 78 divide 79996?
False
Is 9 a factor of 2625494?
False
Is 8624696 a multiple of 62?
True
Is 558848 a multiple of 32?
True
Is 125394 a multiple of 97?
False
Does 110 divide 75522?
False
Is 1016922 a multiple of 23?
True
Does 82 divide 1400642?
True
Does 29 divide 316651?
True
Does 21 divide 12573?
False
Is 196 a factor of 554092?
True
Is 227 a factor of 321205?
True
Does 80 divide 4377623?
False
Is 164 a factor of 1080245?
False
Is 40 a factor of 217073?
False
Does 24 divide 673862?
False
Does 72 divide 49752?
True
Does 2 divide 11253?
False
Does 8 divide 64558?
False
Is 11856 a multiple of 38?
True
Is 80967 a multiple of 17?
False
Does 28 divide 53170?
False
Does 33 divide 128521?
False
Is 3425595 a multiple of 43?
True
Is 22724404 a multiple of 15?
False
Is 232100 a multiple of 11?
True
Is 939141 a multiple of 6?
False
Is 238788 a multiple of 6?
True
Does 7 divide 416395?
True
Does 62 divide 28924?
False
Is 1361416 a multiple of 15?
False
Is 221038 a multiple of 103?
True
Does 177 divide 61240?
False
Is 285 a factor of 378842?
False
Is 396399 a multiple of 4?
False
Is 84 a factor of 217224?
True
Is 1837555 a multiple of 33?
False
Is 357812 a multiple of 78?
False
Is 530094 a multiple of 293?
False
Does 35 divide 1768445?
True
Does 135 divide 245160?
True
Is 423605 a multiple of 245?
True
Does 57 divide 376960?
False
Is 8 a factor of 97152?
True
Does 65 divide 2276895?
False
Is 12375 a multiple of 5?
True
Is 272 a factor of 4539787?
False
Is 65745 a multiple of 45?
True
Is 1030143 a multiple of 70?
False
Does 24 divide 1465680?
True
Does 859 divide 3915322?
True
Does 17 divide 329103?
True
Is 225 a factor of 3145329?
False
Is 2758061 a multiple of 184?
False
Does 66 divide 185806?
False
Is 163812 a multiple of 12?
True
Does 3 divide 299787?
True
Does 32 divide 370014?
False
Does 501 divide 2026454?
False
Does 78 divide 22860405?
False
Is 100 a factor of 221519?
False
Is 15725 a multiple of 925?
True
Is 26 a factor of 170161?
False
Does 34 divide 1105047?
False
Is 28 a factor of 29592976?
True
Does 137 divide 3945874?
True
Does 1277 divide 30559500?
False
Is 61174 a multiple of 221?
False
Does 57 divide 387429?
True
Does 956 divide 7327740?
True
Does 24 divide 1165011?
False
Is 48 a factor of 28480?
False
Is 179 a factor of 240218?
True
Is 322 a factor of 234116?
False
Is 2536240 a multiple of 28?
True
Is 112 a factor of 3488907?
False
Does 163 divide 4197413?
True
Is 23 a factor of 1094924?
False
Is 84 a factor of 381017?
False
Is 427730 a multiple of 146?
False
Is 2145159 a multiple of 255?
False
Is 76544 a multiple of 52?
True
Is 155652 a multiple of 21?
True
Does 405 divide 529683?
False
Is 170 a factor of 157250?
True
Does 457 divide 1572080?
True
Does 466 divide 5141844?
True
Is 2219010 a multiple of 458?
True
Does 160 divide 107680?
True
Is 336720 a multiple of 244?
True
Is 21 a factor of 14345?
False
Is 120764 a multiple of 532?
True
Is 1060644 a multiple of 676?
True
Is 9 a factor of 135039?
False
Is 13 a factor of 9490879?
False
Is 29 a factor of 501613?
True
Does 132 divide 463449?
False
Is 16 a factor of 444577?
False
Is 18297661 a multiple of 43?
True
Is 511823 a multiple of 13?
True
Is 9 a factor of 36486?
True
Is 2777915 a multiple of 190?
False
Is 55 a factor of 39215?
True
Is 68954 a multiple of 193?
False
Is 201 a factor of 166830?
True
Is 3 a factor of 493561?
False
Does 73 divide 45791?
False
Is 3103462 a multiple of 398?
False
Is 1010530 a multiple of 321?
False
Is 9 a factor of 179883?
True
Does 23 divide 478205?
False
Is 34 a factor of 167852?
False
Is 72365 a multiple of 4?
False
Is 201266 a multiple of 77?
False
Is 52 a factor of 136968?
True
Is 503 a factor of 265584?
True
Is 1067432 a multiple of 8?
True
Does 62 divide 26226?
True
Does 4 divide 17388?
True
Is 195950 even?
True
Is 578584 a multiple of 62?
True
Does 18 divide 1953?
False
Does 9 divide 303264?
True
Is 272802 a multiple of 23?
False
Is 14 a factor of 59222?
False
Does 5 divide 73635?
True
Is 115 a factor of 690345?
True
Is 349152 a multiple of 301?
False
Is 12054 a multiple of 49?
True
Is 5521 a multiple of 19?
False
Does 17 divide 866915?
True
Is 403434 a multiple of 93?
True
Is 112 a factor of 543088?
True
Is 53 a factor of 1667274?
True
Is 467100 a multiple of 540?
True
Does 1578 divide 35149569?
False
Does 76 divide 798979?
False
Is 19 a factor of 315508?
False
Does 136 divide 68473?
False
Is 50053 a multiple of 51?
False
Is 38 a factor of 4926434?
True
Is 1426880 a multiple of 1456?
True
Is 994334 a multiple of 11?
True
Does 250 divide 508206?
False
Does 10 divide 1679780?
True
Is 90 a factor of 19655?
False
Is 5 a factor of 72460?
True
Is 248103 a multiple of 27?
True
Is 18 a factor of 287316?
True
Does 33 divide 2779531?
False
Is 20 a factor of 11048352?
False
Is 60759 a multiple of 2?
False
Is 101 a factor of 157762?
True
Does 694 divide 3420032?
True
Is 8902332 a multiple of 235?
False
Is 228 a factor of 3264732?
True
Does 4 divide 1250?
False
Is 17731 a multiple of 11?
False
Is 5 a factor of 495900?
True
Is 529814 a multiple of 77?
False
Does 23 divide 18409?
False
Is 60152 a multiple of 412?
True
Is 397 a factor of 1255711?
True
Does 60 divide 2298420?
True
Does 13 divide 600955?
False
Is 1392796 a multiple of 134?
True
Is 71 a factor of 487202?
True
Is 73 a factor of 239382?
False
Does 12 divide 712776?
True
Is 17254242 a multiple of 513?
True
Does 5 divide 74627?
False
Does 1638 divide 1218672?
True
Is 578549 a multiple of 80?
False
Is 103 a factor of 22783909?
True
Is 4 a factor of 23834?
False
Does 171 divide 154755?
True
Is 16856 a multiple of 172?
True
Is 3199657 a multiple of 20?
False
Is 1128564 a multiple of 23?
True
Is 38764 a multiple of 2?
True
Does 241 divide 2871987?
False
Does 56 divide 6664?
True
Is 3741 a multiple of 4?
False
Is 192 a factor of 3440832?
True
Is 170100 a multiple of 27?
True
Is 209 a factor of 1106864?
True
Is 29 a factor of 2141331?
True
Is 127 a factor of 858901?
True
Is 5 a factor of 412970?
True
Is 35 a factor of 401870?
True
Is 89 a factor of 6303386?
False
Is 24 a factor of 1806696?
True
Is 32 a factor of 1036000?
True
Is 880 a multiple of 55?
True
Is 3395801 a multiple of 1076?
False
Is 4987061 a multiple of 56?
False
Does 3 divide 36660?
True
Does 90 divide 682740?
True
Is 971 a factor of 10105896?
False
Does 11 divide 84007?
True
Does 51 divide 5750964?
True
Is 540792 a multiple of 777?
True
Does 8 divide 125348?
False
Is 11 a factor of 31750?
False
Does 179 divide 159181?
False
Is 4836309 a multiple of 37?
False
Is 94643 a multiple of 31?
True
Does 52 divide 51118?
False
Does 17 divide 381293?
True
Is 130 a factor of 4727450?
True
Is 995 a factor of 295515?
True
Is 7785969 a multiple of 1108?
False
Is 309 a factor of 60873?
True
Is 15052426 a multiple of 319?
False
Is 64 a factor of 124160?
True
Is 7756980 a multiple of 770?
True
Is 12 a factor of 29376?
True
Does 35 divide 1562365?
True
Is 202016 a multiple of 118?
True
Is 4 a factor of 1850630?
False
Does 20 divide 22347260?
True
Is 33 a factor of 605143?
False
Is 2465925 a multiple of 305?
True
Does 3 divide 5471?
False
Is 117827 a multiple of 19?
False
Is 26 a factor of 229112?
True
Is 10 a factor of 948513?
False
Does 196 divide 13209960?
False
Is 91 a factor of 79261?
True
Is 20405922 a multiple of 201?
True
Is 264509 a multiple of 203?
True
Is 4808433 a multiple of 357?
True
Is 11 a factor of 423960?
False
Is 385 a factor of 319995?
False
Is 97 a factor of 591021?
True
Is 2284094 a multiple of 181?
False
Is 24 a fa